{"id":1977,"date":"2023-11-27T16:03:02","date_gmt":"2023-11-27T16:03:02","guid":{"rendered":"https:\/\/priceless-sinoussi.217-160-21-24.plesk.page\/?page_id=1977"},"modified":"2023-11-27T16:09:35","modified_gmt":"2023-11-27T16:09:35","slug":"accesibilidad","status":"publish","type":"page","link":"https:\/\/priceless-sinoussi.217-160-21-24.plesk.page\/?page_id=1977","title":{"rendered":"Accesibilidad"},"content":{"rendered":"\n<div class=\"wp-block-uagb-container uagb-block-ec1acdbf alignfull uagb-is-root-container\"><div class=\"uagb-container-inner-blocks-wrap\">\n<div class=\"wp-block-uagb-advanced-heading uagb-block-52b19dcb\"><h2 class=\"uagb-heading-text\">Declaraci\u00f3n de Accesibilidad<\/h2><\/div>\n\n\n\n<p>Almijocar SL, en representaci\u00f3n del sitio web www.almijocar.es, se compromete a proporcionar un sitio web accesible para una audiencia lo m\u00e1s amplia posible, independientemente de las circunstancias y la capacidad. Nuestro objetivo es cumplir de la manera m\u00e1s cercana posible a las Pautas de Accesibilidad para el Contenido Web (WCAG 2.0, Nivel AA), publicadas por el Consorcio WWW, o seg\u00fan su nombre en ingl\u00e9s, World Wide Web Consortuium (W3C).&nbsp;<\/p>\n\n\n\n<p>Estas pautas explican c\u00f3mo lograr que el contenido web sea m\u00e1s accesible para las personas con discapacidad. El cumplimiento de estas pautas ayudar\u00e1 a que el sitio sea m\u00e1s f\u00e1cil de usar y amigable para todos los usuarios. Si bien Almijocar SL. se esfuerza por cumplir con las pautas y est\u00e1ndares de accesibilidad, no siempre es posible hacerlo en todas sus \u00e1reas y actualmente estamos trabajando para lograrlo.<\/p>\n\n\n\n<p>Ten en cuenta que debido a la naturaleza din\u00e1mica del sitio web, pueden surgir inconvenientes menores, ya que se actualiza con regularidad. Continuamente buscamos soluciones que lleven todas las \u00e1reas del sitio al mismo nivel de accesibilidad web general.<br>Si tienes alg\u00fan comentario o sugerencia relacionados con la mejora de la accesibilidad de nuestro sitio, por favor no dudes en contactar a nuestro coordinador de accesibilidad <a href=\"mailto:almijocartaller@gmail.com\">almijocartaller@gmail.com<\/a>. Tus comentarios nos ayudar\u00e1n a hacer las mejoras.<\/p>\n<\/div><\/div>\n","protected":false},"excerpt":{"rendered":"<p>Declaraci\u00f3n de Accesibilidad Almijocar SL, en representaci\u00f3n del sitio web www.almijocar.es, se compromete a proporcionar un sitio web accesible para una audiencia lo m\u00e1s amplia posible, independientemente de las circunstancias y la capacidad. Nuestro objetivo es cumplir de la manera m\u00e1s cercana posible a las Pautas de Accesibilidad para el Contenido Web (WCAG 2.0, Nivel [&hellip;]<\/p>\n","protected":false},"author":5,"featured_media":0,"parent":0,"menu_order":0,"comment_status":"closed","ping_status":"closed","template":"","meta":{"inline_featured_image":false,"_uag_custom_page_level_css":"","site-sidebar-layout":"default","site-content-layout":"","ast-site-content-layout":"default","site-content-style":"default","site-sidebar-style":"default","ast-global-header-display":"","ast-banner-title-visibility":"disabled","ast-main-header-display":"","ast-hfb-above-header-display":"","ast-hfb-below-header-display":"","ast-hfb-mobile-header-display":"","site-post-title":"","ast-breadcrumbs-content":"","ast-featured-img":"","footer-sml-layout":"","ast-disable-related-posts":"","theme-transparent-header-meta":"","adv-header-id-meta":"","stick-header-meta":"","header-above-stick-meta":"","header-main-stick-meta":"","header-below-stick-meta":"","astra-migrate-meta-layouts":"set","ast-page-background-enabled":"default","ast-page-background-meta":{"desktop":{"background-color":"var(--ast-global-color-4)","background-image":"","background-repeat":"repeat","background-position":"center center","background-size":"auto","background-attachment":"scroll","background-type":"","background-media":"","overlay-type":"","overlay-color":"","overlay-opacity":"","overlay-gradient":""},"tablet":{"background-color":"","background-image":"","background-repeat":"repeat","background-position":"center center","background-size":"auto","background-attachment":"scroll","background-type":"","background-media":"","overlay-type":"","overlay-color":"","overlay-opacity":"","overlay-gradient":""},"mobile":{"background-color":"","background-image":"","background-repeat":"repeat","background-position":"center center","background-size":"auto","background-attachment":"scroll","background-type":"","background-media":"","overlay-type":"","overlay-color":"","overlay-opacity":"","overlay-gradient":""}},"ast-content-background-meta":{"desktop":{"background-color":"var(--ast-global-color-5)","background-image":"","background-repeat":"repeat","background-position":"center center","background-size":"auto","background-attachment":"scroll","background-type":"","background-media":"","overlay-type":"","overlay-color":"","overlay-opacity":"","overlay-gradient":""},"tablet":{"background-color":"var(--ast-global-color-5)","background-image":"","background-repeat":"repeat","background-position":"center center","background-size":"auto","background-attachment":"scroll","background-type":"","background-media":"","overlay-type":"","overlay-color":"","overlay-opacity":"","overlay-gradient":""},"mobile":{"background-color":"var(--ast-global-color-5)","background-image":"","background-repeat":"repeat","background-position":"center center","background-size":"auto","background-attachment":"scroll","background-type":"","background-media":"","overlay-type":"","overlay-color":"","overlay-opacity":"","overlay-gradient":""}},"_joinchat":[],"footnotes":""},"class_list":["post-1977","page","type-page","status-publish","hentry"],"uagb_featured_image_src":{"full":false,"thumbnail":false,"medium":false,"medium_large":false,"large":false,"1536x1536":false,"2048x2048":false,"woocommerce_thumbnail":false,"woocommerce_single":false,"woocommerce_gallery_thumbnail":false},"uagb_author_info":{"display_name":"javi","author_link":"https:\/\/priceless-sinoussi.217-160-21-24.plesk.page\/author\/javi"},"uagb_comment_info":0,"uagb_excerpt":"Declaraci\u00f3n de Accesibilidad Almijocar SL, en representaci\u00f3n del sitio web www.almijocar.es, se compromete a proporcionar un sitio web accesible para una audiencia lo m\u00e1s amplia posible, independientemente de las circunstancias y la capacidad. Nuestro objetivo es cumplir de la manera m\u00e1s cercana posible a las Pautas de Accesibilidad para el Contenido Web (WCAG 2.0, Nivel&hellip;","_links":{"self":[{"href":"https:\/\/priceless-sinoussi.217-160-21-24.plesk.page\/index.php?rest_route=\/wp\/v2\/pages\/1977","targetHints":{"allow":["GET"]}}],"collection":[{"href":"https:\/\/priceless-sinoussi.217-160-21-24.plesk.page\/index.php?rest_route=\/wp\/v2\/pages"}],"about":[{"href":"https:\/\/priceless-sinoussi.217-160-21-24.plesk.page\/index.php?rest_route=\/wp\/v2\/types\/page"}],"author":[{"embeddable":true,"href":"https:\/\/priceless-sinoussi.217-160-21-24.plesk.page\/index.php?rest_route=\/wp\/v2\/users\/5"}],"replies":[{"embeddable":true,"href":"https:\/\/priceless-sinoussi.217-160-21-24.plesk.page\/index.php?rest_route=%2Fwp%2Fv2%2Fcomments&post=1977"}],"version-history":[{"count":0,"href":"https:\/\/priceless-sinoussi.217-160-21-24.plesk.page\/index.php?rest_route=\/wp\/v2\/pages\/1977\/revisions"}],"wp:attachment":[{"href":"https:\/\/priceless-sinoussi.217-160-21-24.plesk.page\/index.php?rest_route=%2Fwp%2Fv2%2Fmedia&parent=1977"}],"curies":[{"name":"wp","href":"https:\/\/api.w.org\/{rel}","templated":true}]}}